, -7 = -2*d - 1. Suppose -3*f - 18 = z. Let x = f + 30. What is the tens digit of x?
1
Suppose -83*q = -28*q - 451963 - 202537. What is the tens digit of q?
0
Suppose 49 = -35*r - 14*r. What is the thousands digit of 7 + (1802 - (r - 8))?
1
Let c = 145 + -137. Let d = -95 - -1749. Suppose -158 = c*z - d. What is the tens digit of z?
8
Suppose 58*s = 45*s + 26. Suppose -5*u + 1826 + 53 = -s*d, 5*d - 365 = -u. What is the units digit of u?
5
Let x(f) = -15*f**2 - 2*f + 2. Let p be x(-2). Let g be ((-588)/72)/(1*1/(-6)). Let o = g - p. What is the units digit of o?
3
Let z(s) = -28*s**3 + 12*s**2 - 68*s - 255. What is the thousands digit of z(-4)?
2
Let o = -628 + 715. Let s = 454 - o. What is the hundreds digit of s?
3
Let l(s) = s**3 - 47*s**2 - 38*s - 42. What is the units digit of l(48)?
8
Let m = -4 + 12. What is the units digit of (61/3)/(m/96)?
4
Suppose 210*m + 114638 = 215*m - 2*t, 2*t = -8. What is the thousands digit of m?
2
Let y(c) = 2981*c**2 + 31*c - 86. What is the ten thousands digit of y(3)?
2
Suppose 0 = t + 4*h - 11794, 2*t + 239*h - 244*h - 23653 = 0. What is the ten thousands digit of t?
1
Suppose -3*c + 76 = 100. Let v(n) = -2*n**2 + 4*n + 0*n**2 + 4*n**2 + 18. What is the units digit of v(c)?
4
Suppose -25*r + 19410 = -14465. What is the thousands digit of r?
1
Let d(y) be the second derivative of 43*y**4/24 + 2*y**3 + 5*y**2/2 + 44*y. Let a(r) be the first derivative of d(r). What is the tens digit of a(2)?
9
Let a(r) = 562*r + 1840. What is the tens digit of a(15)?
7
Let w = -46 - -82. Suppose 9*t + 0*t = -w. Let g(i) = 8*i**2 - 17*i - 6. What is the tens digit of g(t)?
9
What is the hundreds digit of (-2522744)/(-210) + ((-236)/(-60) - 4)?
0
Let j be 52 + 2/(-4)*-2. Suppose 5*l = 2*h - 5*h + 22, -4*h = -4*l + 24. Let q = j - l. What is the units digit of q?
8
Suppose -q - 2*p = 8 - 5, 0 = 3*q - 5*p - 46. Let h(c) = c**3 + 14*c**2 + 7*c + 23. What is the hundreds digit of h(q)?
1
Suppose 20*p = 18*p - 614. Let x = p + 1498. What is the tens digit of x?
9
Suppose 6*n = 2*n + 12. Suppose n*p + 281 = -5*i - 99, -4*p - 530 = -5*i. What is the units digit of (-8268)/p - (-2)/5?
4
Suppose -197*t = -188*t - 6795. Let c = -390 + t. What is the units digit of c?
5
Suppose -3*o + 4*p + 5242 = 0, -2*p + 6680 - 1426 = 3*o. What is the tens digit of o?
5
Let d be -3 - (0 + -1)*21. Let z be (d/(-6))/1 + 5*1. Let p(i) = 9*i**2 - 7*i + 4. What is the units digit of p(z)?
6
Suppose 8*b + 3*b - 1133 = 0. Let j = 107 - b. Suppose 5*n = -v + 137, j*v + v + 2*n - 754 = 0. What is the tens digit of v?
5
Let z = -330 - -614. Suppose 5*w = -0 - 75. Let u = z - w. What is the hundreds digit of u?
2
Let a = 66 - 68. What is the tens digit of ((-2156)/55)/(a/5)?
9
Suppose -6*r + 488 = 74. Suppose u = 2*k + r, -u + 24 + 60 = -5*k. What is the tens digit of u?
5
Suppose 0 = -2*u - 4*j + 292, -u + 0*j + 122 = -4*j. Let x = u - 78. What is the units digit of -4*(1 + x/(-16))?
1
Let v(u) = u**2 + 63*u - 6. Let j be v(-26). Let l = 2131 + j. What is the hundreds digit of l?
1
Let v(n) = n**2 - n + 40. Let g be v(20). Let j = g - 313. What is the tens digit of j?
0
Suppose r + 5*j + 8 = 0, 4*r - 2*r - 12 = 4*j. Suppose 411 = 5*s - r*s. Suppose 10*d = 9*d + s. What is the units digit of d?
7
Suppose 6*d = 2*u + 117070, 5 = -66*u + 71*u. What is the thousands digit of d?
9
Let w(p) = 5*p - 3 + p + 0*p. Let m = 802 - 795. What is the units digit of w(m)?
9
What is the hundreds digit of 9/21 + 18600065/308 + (-27)/12?
3
What is the hundreds digit of 4*((-3 - (-2577)/4) + -8)?
5
Let l(s) = 1 - 4 + 55*s - 30*s - 33*s. Let p(u) = 7*u + 2. Let c(a) = 2*l(a) + 3*p(a). What is the hundreds digit of c(22)?
1
Let k be (-13)/(39/(-3570)) - -3. Let r = 794 - k. Let u = r + 691. What is the units digit of u?
2
Suppose w - 2*w + 2 = 0. Let g(f) = 6 + 0*f**w + f**2 + 39*f - 40*f. What is the tens digit of g(3)?
1
Let j(h) = -270*h - 14. Let u be j(4). Let z = -1880 - u. What is the units digit of 8/(-28) - z/7?
2
Suppose -6*x + 410 = j - 9*x, -4*x = 2*j - 870. Let v = 122 + j. What is the units digit of v?
7
Suppose 3*g = 8*g - 10. Let c(v) = v**g - 23 - 2*v - 12*v + 3*v. What is the hundreds digit of c(-7)?
1
Let g = -33 - -23. Let b = -10 - g. What is the units digit of b - 88/(-2) - 1?
3
Let m be (-6)/2 + (3 - 3) + 2. Let l be 21/15 + (-9)/(-15) + m. What is the units digit of 5 - l - 0 - -2?
6
Let a = 239854 + -164005. What is the hundreds digit of a?
8
Let m(b) = -b**3 + 35*b**2 + 7*b - 47. Let h(o) = -33*o + 2. Let l be h(-1). What is the units digit of m(l)?
8
Suppose 0 = -287*z + 290*z - 7032. Suppose 84 = -2*b + z. What is the tens digit of b?
3
Let x(n) = -161*n**3 - 4*n**2 - 4*n. Let s(u) = 13*u - 10. Let p be s(1). Let k be (-1)/((-2)/(-6)*p). What is the units digit of x(k)?
1
Let n = 172 - 167. What is the hundreds digit of (n + 209/2)/(4/48)?
3
Let t(u) be the second derivative of -u**3/3 + 7*u**2/2 - 38*u. What is the units digit of t(1)?
5
Suppose 3*f + 3*w = 2*f, 2*w + 2 = 0. What is the hundreds digit of (2/6)/(-4*f/(-10188))?
2
Let j be (0 - 1)/((-14)/42). Let m be 2 + 6/(-3) + (14 - j). Suppose -m*f = -2852 + 223. What is the tens digit of f?
3
What is the hundreds digit of (-57)/(912/160) + 46598?
5
Suppose z = 5*u + 10, z + 2*u + 2*u = -8. Suppose z = -3*p - 154 - 35. What is the tens digit of -4 + 4 + (0 - p)?
6
Let u(w) = 9*w**2 + 76*w - 2080. What is the thousands digit of u(37)?
3
Suppose -2*i = 5*q - 91274 + 33610, -3*i + 86475 = -3*q. What is the hundreds digit of i?
8
Let a = -67920 + 104886. What is the thousands digit of a?
6
Suppose 0 = 5*a - 5, a = -3*c - 4*a + 4559. Suppose -173*d + 167*d + c = 0. What is the hundreds digit of d?
2
Let r(p) = -p**2 - 5*p + 1. Let m be r(-4). Suppose 4*l = l + 2*v + 1316, 5*v + 2200 = m*l. What is the hundreds digit of l?
4
Suppose -9*s + 1188 = 2*s. Let m = s + 58. What is the hundreds digit of m?
1
Let l(r) be the second derivative of r**4/12 + r**3/3 + 13*r**2/2 - r. Let q be l(5). Let o = -2 + q. What is the units digit of o?
6
Let i(j) = -6*j - 34. Let c be i(-6). What is the tens digit of (254/(-4))/(28/(-140))*c?
3
Let n(m) = 170*m**2 + 117*m - 611. What is the thousands digit of n(5)?
4
Let y(g) = 35*g**2 + 3*g - 11. Let s be y(-5). Suppose -s = -a - 260. What is the units digit of a?
9
Let z(i) = 3*i**3 + 12*i**2 + 5*i + 1. Let f be z(-4). Let h = f - -22. Suppose 3*n - 3*k + 4*k - 296 = 0, -h*n = 5*k - 316. What is the tens digit of n?
9
Suppose -82 + 600 = -c - 3*g, -2*c = -4*g + 1016. Let r = c + 662. What is the hundreds digit of r?
1
Suppose -x + 20 = 3*x. Let o(a) = -302 - x*a + 329 + 4*a. What is the units digit of o(9)?
8
Let g(h) be the third derivative of 103*h**4/24 + 2*h**3/3 - 5*h**2. Let j(r) = 69*r + 2. Let u(p) = -5*g(p) + 8*j(p). What is the units digit of u(3)?
7
Suppose 0 = s + 3*q - 3246, 2*q + 651 - 7167 = -2*s. What is the tens digit of s?
6
Let b = 13 - 16. Let w(n) = -33*n + 19. Let c(u) = 16*u - 10. Let v(y) = b*w(y) - 7*c(y). What is the tens digit of v(-4)?
6
Let o = 85 - 85. What is the units digit of (1 + o - 3)/(36/(-90))?
5
Let h(a) = 2*a**2 - 10*a - 28. Let i be h(9). Suppose 0 = 48*n - i*n - 168. What is the tens digit of n?
4
Let v(d) be the third derivative of -153*d**4/8 - 19*d**3/3 - 47*d**2 + 3*d. What is the units digit of v(-4)?
8
Suppose 492708 = 8*w - 88912 + 14188. What is the units digit of w?
9
Let j = 153 + -34. Suppose -9*q = 70 + j. What is the tens digit of (-1035)/q + 4/(-14)?
4
Let y be 36/(-16) + (-3)/4. What is the tens digit of (1 + (-34)/4)*4/y?
1
Suppose 5*j + 58*v = 59*v + 75559, 75595 = 5*j + 5*v. What is the units digit of j?
3
Let y = 1067 + 435. Let t = 2717 - y. What is the units digit of t?
5
Let p = 1639 - 1636. Let i be 29/2*(9 - 1). Suppose -p*a + i = a. What is the tens digit of a?
2
Let v be (-7)/((-6)/6)*(-11)/(33/(-474)). Suppose 5*f = -10 + 80. Suppose 168 = f*w - v. What is the units digit of w?
1
Let c(m) = -2*m**3 - 8*m**2 - 4*m - 14. Let q be c(-4). Suppose -2*y - 5*n + 726 = 0, -878 = -q*y - 3*n - 144. What is the units digit of y?
3
Let w(d) = 12*d**2 - 19*d + 34 - 11*d**2 + 0*d**2. Let m be w(15). Let j = 16 - m. What is the tens digit of j?
4
Suppose -3*k - 5*a + 949 = 0, -k - 8*a = -3*a - 323. Suppose 5*q = d + 